.
-74
Let l(p) = -p**3 + 25*p**2 - 15*p + 1067. Calculate l(26).
1
Let o(r) = -r**3 + 9*r**2 - 11*r + 17. What is o(5)?
62
Let z(t) = t**2 - 752*t + 11053. What is z(15)?
-2
Let l(j) = -314*j + 89. Give l(1).
-225
Let y(b) = 3*b**3 + 5*b**2 - 10*b - 21. Calculate y(-6).
-429
Let k(x) = 23*x - 354. What is k(15)?
-9
Let u(m) = 2*m**3 - 186*m**2 + 535*m + 9. Calculate u(3).
-6
Let j(c) = -4*c**2 + 470*c - 1601. Calculate j(114).
-5
Let a(u) = u**2 - 379*u - 1931. What is a(-5)?
-11
Let h(j) = -24*j + 78. Determine h(3).
6
Let q(z) = 2*z**3 - 10*z**2 + 18*z - 6. Calculate q(4).
34
Let i(b) = -22*b**3 + b**2 + 32*b - 32. Calculate i(1).
-21
Let x(u) = 507*u**3 - 2*u**2 + 4*u - 1. Calculate x(1).
508
Let g(c) = -c**2 + 50*c - 302. What is g(7)?
-1
Let b(n) = 3*n**3 - 23*n**2 + 5*n + 9. Calculate b(6).
-141
Let j(q) = 51*q - 617. Calculate j(12).
-5
Let b(y) = -y**2 - 25*y - 20. Determine b(-2).
26
Let s(a) = 132*a - 1196. What is s(9)?
-8
Let t(a) = 2*a**2 + 166*a + 1051. Give t(-7).
-13
Let d(k) = 3*k**2 + 11*k + 6. Calculate d(-4).
10
Let c(a) = 3*a**3 - 39*a**2 + 7*a - 137. Calculate c(13).
-46
Let b(p) = -147*p + 386. Give b(6).
-496
Let t(i) = -128*i + 6059. Determine t(49).
-213
Let u(y) = -y**3 + 8*y**2 + 22*y - 1. Give u(-3).
32
Let m(a) = 4*a**2 + 28*a + 9. Give m(-13).
321
Let x(a) = -a**3 + 6*a**2 - 113*a + 833. Determine x(7).
-7
Let b(k) = -43*k - 21. Determine b(2).
-107
Let y(i) = -1836*i + 3674. Calculate y(2).
2
Let z(s) = 206*s + 2227. Calculate z(-11).
-39
Let x(v) = -99*v + 498. Determine x(5).
3
Let x(d) = 6*d**3 + 82*d**2 - 27*d + 5. Determine x(-14).
-9
Let g(p) = 82*p + 9. What is g(1)?
91
Let z(o) = 4*o**2 - 8*o - 5. What is z(2)?
-5
Let n(u) = -6*u**2 + 402*u + 147. Calculate n(67).
147
Let x(t) = -108*t + 33766. Calculate x(313).
-38
Let f(c) = c**2 + 584*c + 5757. Calculate f(-10).
17
Let o(i) = -4*i**2 - 702*i + 2127. What is o(3)?
-15
Let b(z) = -265*z - 16192. What is b(-61)?
-27
Let v(z) = 2018*z - 6056. Determine v(3).
-2
Let h(k) = -k**3 - 94*k**2 - 279*k - 551. Determine h(-91).
-5
Let o(w) = 28*w**2 + 2*w - 3. Calculate o(-3).
243
Let i(m) = m**3 + 4*m**2 - 31*m + 22. Determine i(-9).
-104
Let s(f) = -f**3 - 35*f**2 + 156*f - 17. What is s(-39)?
-17
Let t(q) = -q**2 - 75*q + 415. Calculate t(5).
15
Let a(m) = m**3 - 5*m**2 - 27*m + 186. Give a(6).
60
Let k(s) = 2*s + 40. Calculate k(-37).
-34
Let a(s) = -3*s**2 + 17*s + 26. Determine a(-4).
-90
Let f(h) = h**2 - 89*h + 1699. What is f(28)?
-9
Let g(a) = a**2 - 66*a - 1619. Calculate g(-19).
-4
Let c(r) = -r**3 + 9*r**2 - 4*r - 18. Give c(8).
14
Let g(j) = -76*j - 5276. Calculate g(-70).
44
Let r(f) = 5*f + 172. Give r(-17).
87
Let t(j) = 5*j**2 - 33*j - 50. Give t(7).
-36
Let h(o) = 2*o**3 + 8*o - 6. Give h(1).
4
Let w(o) = -2*o**3 - 36*o**2 - 5*o - 10. Give w(-17).
-503
Let y(u) = -255*u + 529. Calculate y(2).
19
Let l(m) = 3*m**2 - 57*m + 52. What is l(18)?
-2
Let b(p) = -23281*p + 116405. Determine b(5).
0
Let h(b) = b**3 - 30*b**2 + 94*b + 73. Calculate h(26).
-187
Let j(y) = -4*y**3 - 2*y**2 + 17*y + 15. Determine j(4).
-205
Let f(y) = -3*y**2 + 59*y - 103. Give f(19).
-65
Let s(v) = v**2 - 233*v + 2215. What is s(10)?
-15
Let b(z) = -z**3 - 9*z**2 - 9*z + 90. Determine b(5).
-305
Let i(z) = 34*z**2 - 18*z + 3. Give i(3).
255
Let y(g) = 2*g**3 + 51*g**2 + 34*g - 70. Calculate y(-25).
-295
Let v(z) = -103*z**3 + 8*z - 7. Give v(1).
-102
Let q(k) = -k**2 + 123*k + 6922. What is q(-42)?
-8
Let c(k) = 2*k**3 - 10*k**2 + 13*k - 282. Determine c(7).
5
Let j(n) = n**3 + 8*n**2 + 232*n + 1370. What is j(-6)?
50
Let m(b) = -b**3 + 3*b**2 - 57*b + 282. Give m(5).
-53
Let w(g) = g**2 + 292*g + 4180. What is w(-14)?
288
Let m(l) = -6*l**3 - 5*l**2 - 13*l - 18. What is m(-2)?
36
Let o(p) = 42*p - 3300. What is o(84)?
228
Let z(v) = 2*v**2 + 168*v - 521. Determine z(-87).
1
Let k(a) = 210*a**3 + 2*a**2 - 2*a. Give k(1).
210
Let s(g) = g**3 + 41*g**2 - 41*g + 38. Determine s(-42).
-4
Let h(b) = 4098*b + 49180. Calculate h(-12).
4
Let s(p) = -p**3 - 4*p**2 + 23*p + 77. Determine s(-6).
11
Let h(z) = -10*z + 431. Calculate h(47).
-39
Let d(i) = -16*i - 621. Calculate d(-39).
3
Let p(g) = 128*g - 135. Determine p(1).
-7
Let s(i) = -i**2 + 138*i - 2774. Give s(114).
-38
Let u(s) = -3*s**2 + 158*s - 872. Calculate u(6).
-32
Let l(b) = b**3 - 9*b**2 - 65*b - 65. Calculate l(14).
5
Let c(y) = y**3 - 19*y**2 + 55*y - 1604. What is c(21)?
433
Let c(p) = -602*p + 9611. Calculate c(16).
-21
Let m(r) = -7*r**2 - 22*r - 47. What is m(-7)?
-236
Let g(d) = d**2 - 16*d - 472. Give g(-16).
40
Let l(c) = 22*c - 68. Determine l(6).
64
Let n(i) = -382*i - 523. Give n(-2).
241
Let a(f) = -57*f + 107. Calculate a(2).
-7
Let p(z) = -97*z - 1735. Calculate p(-18).
11
Let z(o) = 4*o**2 + 146*o + 102. Calculate z(-35).
-108
Let w(x) = -3*x**3 - 6*x**2 - 9*x - 7. What is w(-3)?
47
Let g(n) = -n**3 + 3*n**2 + 14*n + 7. Calculate g(5).
27
Let d(v) = -v**3 + 45*v**2 - 510*v - 96. Determine d(21).
-222
Let j(m) = -m**3 - 23*m**2 - 32*m - 69. Determine j(-22).
151
Let h(c) = c**3 - 17*c**2 - c + 260. Calculate h(16).
-12
Let x(g) = 126*g - 2791. Give x(22).
-19
Let f(q) = -561*q - 1674. What is f(-3)?
9
Let w(c) = -2*c**2 + 92*c + 465. Give w(-5).
-45
Let n(f) = -124*f**2 + 12*f - 12. What is n(1)?
-124
Let f(y) = 45*y + 453. Determine f(-3).
318
Let o(p) = 6*p**2 - 5*p - 19. Calculate o(4).
57
Let y(h) = -22*h - 487. Determine y(-22).
-3
Let r(h) = h**2 - 18*h - 5. Calculate r(17).
-22
Let q(t) = t**2 + 33*t - 239. What is q(-39)?
-5
Let y(i) = -11*i**2 - 221*i - 19. Calculate y(-21).
-229
Let k(w) = -9*w + 40. Determine k(12).
-68
Let a(i) = -42*i - 265. Calculate a(-8).
71
Let l(k) = -2*k**2 + 91*k + 13898. Give l(109).
55
Let m(r) = 95*r**3 + r**2 + 3*r. Give m(-1).
-97
Let d(q) = q**3 + 4*q**2 + 2*q + 26. What is d(-7)?
-135
Let o(x) = -81*x + 405. Give o(5).
0
Let g(j) = 3*j**2 - 10*j - 119. Give g(8).
-7
Let f(q) = -2*q - 22. Determine f(-10).
-2
Let a(y) = 13*y - 192. Give a(19).
55
Let d(y) = y**2 + 4*y - 30. Give d(2).
-18
Let j(s) = -s**2 + 44*s - 413. Calculate j(31).
-10
Let l(j) = j**3 + 14*j**2 + 16*j + 227. Determine l(-14).
3
Let z(k) = -1078*k - 35577. Determine z(-33).
-3
Let p(l) = -l**3 - 2*l**2 - 76*l - 140. Determine p(-2).
12
Let i(q) = 1700*q + 5100. What is i(-3)?
0
Let o(q) = -1468*q - 14. Determine o(0).
-14
Let x(f) = -176*f**2 + 4*f - 6. Give x(1).
-178
Let x(t) = 2*t - 73. Determine x(-21).
-115
Let j(y) = -4*y**2 - 23*y + 122. Give j(4).
-34
Let l(r) = r**3 + 203*r**2 + 2649*r + 48. What is l(-14)?
6
Let p(d) = d + 54. Determine p(-20).
34
Let y(z) = -6*z - 146. Calculate y(-24).
-2
Let x(g) = -24*g + 2119. Calculate x(84).
103
Let s(o) = o**3 + 8*o**2 - 54*o - 17. Give s(5).
38
Let y(z) = 105*z**3 + 11*z**2 + 6*z + 5. Calculate y(-1).
-95
Let k(q) = q**3 - 18*q**2 + 27*q + 2. Determine k(2).
-8
Let m(j) = -5*j**2 + 102*j + 5. Determine m(21).
-58
Let t(p) = -20*p**2 - 254*p + 69. Determine t(-13).
-9
Let x(k) = 3*k**2 + 148*k - 645. Give x(4).
-5
Let o(l) = -23*l - 1945. Give o(-86).
33
Let r(l) = l**2 + 35*l - 39. What is r(-36)?
-3
Let k(b) = 2*b**3 - 12*b**2 + 60*b - 204. Give k(6).
156
Let b(z) = -z**2 + 47*z - 152. Determine b(32).
328
Let m(y) = 2*y**2 + 106*y - 250. Calculate m(-55).
-30
Let k(j) = -j**3 + 50*j**2 - 452*j - 131. Give k(38).
21
Let q(d) = 5*d**2 + 150*d + 811. Determine q(-7).
6
Let d(w) = w**3 - 13*w**2 - 76*w - 11. Give d(-4).
21
Let o(j) = 16*j - 878. What is o(57)?
34
Let u(f) = -244*f - 6816. Calculate u(-28).
16
Let h(o) = -o**2 + 283*o - 1121. Calculate h(4).
-5
Let r(u) = u**2 + 28*u - 25. Determine r(-25).
-100
Let o(p) = -p**3 - 56*p**2 - 337*p + 42. Calculate o(-7).
0
Let x(t) = -t**3 + 61*t**2 + 128*t - 182. Calculate x(63).
-56
Let f(w) = 2*w**3 + 26*w**2 + 55*w - 55. Determine f(-10).
-5
Let y(l) = -l**2 - 3535*l + 28349. Give y(8).
5
Let o(p) = p**3 + 21*p**2 - 2*p - 66. What is o(-21)?
-24
Let u(f) = -5*f**3 + 191*f**2 - 34*f - 140. Calculate u(38).
12
Let k(m) = -836*m - 5018. What is k(-6)?
-2
Let u(q) = -5*q**2 - 223*q - 342. Determine u(-43).
2
Let f(s) = s**2 + 46*s + 393. What is f(-34)?
-15
Let t(x) = -2*x**3 - 38*x**2 + 41*x + 80. Calculate t(-20).
60
Let t(j) = 9*j**2 + 243*j + 629. Give t(-24).
-19
Let k(x) = 10*x**2 +